{"id":853,"date":"2018-03-29T16:07:42","date_gmt":"2018-03-29T14:07:42","guid":{"rendered":"http:\/\/amd-incontinence.com\/espanol\/?page_id=853"},"modified":"2018-06-22T11:26:03","modified_gmt":"2018-06-22T09:26:03","slug":"eres-un-cuidador","status":"publish","type":"page","link":"https:\/\/amd-incontinence.com\/espanol\/perdidas-de-orina-hablemos\/eres-un-cuidador\/","title":{"rendered":"Eres un cuidador"},"content":{"rendered":"[vc_row type=\u00bbin_container\u00bb full_screen_row_position=\u00bbmiddle\u00bb scene_position=\u00bbcenter\u00bb text_color=\u00bbdark\u00bb text_align=\u00bbleft\u00bb class=\u00bbnomargeBot\u00bb overlay_strength=\u00bb0.3&#8243; shape_divider_position=\u00bbbottom\u00bb shape_type=\u00bb\u00bb][vc_column column_padding=\u00bbno-extra-padding\u00bb column_padding_position=\u00bball\u00bb background_color_opacity=\u00bb1&#8243; background_hover_color_opacity=\u00bb1&#8243; column_shadow=\u00bbnone\u00bb column_border_radius=\u00bbnone\u00bb width=\u00bb1\/1&#8243; tablet_text_alignment=\u00bbdefault\u00bb phone_text_alignment=\u00bbdefault\u00bb column_border_width=\u00bbnone\u00bb column_border_style=\u00bbsolid\u00bb]<div  data-transition=\"slide\" data-overall_style=\"classic\" data-flexible-height=\"\" data-animate-in-effect=\"none\" data-fullscreen=\"false\" data-button-sizing=\"regular\" data-button-styling=\"btn_with_count\" data-autorotate=\"\" data-parallax=\"false\" data-parallax-disable-mobile=\"\" data-caption-trans=\"fade_in_from_bottom\" data-parallax-style=\"bg_only\" data-bg-animation=\"none\" data-full-width=\"false\" class=\"nectar-slider-wrap \" id=\"nectar-slider-instance-1\"><div class=\"swiper-container\"  data-tho=\"auto\" data-tco=\"auto\" data-pho=\"auto\" data-pco=\"auto\" data-loop=\"false\" data-height=\"300\" data-min-height=\"\" data-arrows=\"false\" data-bullets=\"false\" data-bullet_style=\"see_through\" data-bullet_position=\"bottom\" data-desktop-swipe=\"false\" data-settings=\"\"> <div class=\"swiper-wrapper\"><div class=\"swiper-slide slider-nohome\" data-desktop-content-width=\"\" data-tablet-content-width=\"\" data-bg-alignment=\"center\" data-color-scheme=\"light\" data-x-pos=\"centered\" data-y-pos=\"middle\" ><div class=\"slide-bg-wrap\"><div class=\"image-bg\" style=\"background-image: url(https:\/\/amd-incontinence.com\/espanol\/wp-content\/uploads\/sites\/4\/2018\/03\/amd-soignant-header.jpg);\"> &nbsp; <\/div><\/div><div class=\"container\">\n\t\t\t\t\t\t<div class=\"content\"><h2 class=\"ns-heading-el\">Profesionales del cuidado y la salud<\/h2><p  ><span>Amd os acompa\u00f1a<\/span><\/p><\/div>\n\t\t\t\t\t\t\t\t<\/div><!--\/container--><div class=\"video-texture \"> <span class=\"ie-fix\"><\/span> <\/div><\/div> <!--\/swiper-slide--><\/div><div class=\"nectar-slider-loading \"> <span class=\"loading-icon none\">   <\/span> <\/div> <\/div> \n\t\t\t\t\t\n\t\t\t\t\t<\/div>[vc_row_inner column_margin=\u00bbdefault\u00bb top_padding=\u00bb75&#8243; text_align=\u00bbleft\u00bb][vc_column_inner column_padding=\u00bbpadding-15-percent\u00bb column_padding_position=\u00bbleft-right\u00bb background_color_opacity=\u00bb1&#8243; background_hover_color_opacity=\u00bb1&#8243; column_shadow=\u00bbnone\u00bb column_border_radius=\u00bbnone\u00bb width=\u00bb1\/1&#8243; column_border_width=\u00bbnone\u00bb column_border_style=\u00bbsolid\u00bb][vc_custom_heading text=\u00bbHas hecho de tu vocaci\u00f3n tu trabajo, cuidando a los m\u00e1s fr\u00e1giles y asegurando su bienestar. <b>Todos los d\u00edas, te comprometes a garantizar la comodidad y la dignidad de todas las personas mayores dependientes que sufren de incontinencia.<\/b>\u00bb font_container=\u00bbtag:p|font_size:18|text_align:left|line_height:22px\u00bb google_fonts=\u00bbfont_family:Roboto%3A100%2C100italic%2C300%2C300italic%2Cregular%2Citalic%2C500%2C500italic%2C700%2C700italic%2C900%2C900italic|font_style:400%20regular%3A400%3Anormal\u00bb css=\u00bb.vc_custom_1526634212639{margin-bottom: 22px !important;}\u00bb][vc_column_text css=\u00bb.vc_custom_1529657059332{margin-top: 22px !important;}\u00bb]En amd sabemos que vuestro trabajo es primordial.<br \/>\nPara <b>respaldaros<\/b> totalmente y <b>apoyar vuestra misi\u00f3n<\/b>, amd os ofrece un proyecto de atenci\u00f3n completo y personalizado e en l tratamiento de la incontinencia. Este plan de apoyo es el resultado de una firme asociaci\u00f3n con todos los profesionales de la salud. Un servicio <b>a medida<\/b> que incorpora soluciones adaptadas a las expectativas leg\u00edtimas de los pacientes, las familias y los cuidadores.[\/vc_column_text][divider line_type=\u00bbFull Width Line\u00bb line_thickness=\u00bb1&#8243; divider_color=\u00bbdefault\u00bb custom_height=\u00bb80&#8243;][vc_custom_heading text=\u00bbEn primer lugar\u00bb font_container=\u00bbtag:h2|font_size:36|text_align:left|color:%2300a0e0|line_height:36px\u00bb google_fonts=\u00bbfont_family:Roboto%3A100%2C100italic%2C300%2C300italic%2Cregular%2Citalic%2C500%2C500italic%2C700%2C700italic%2C900%2C900italic|font_style:400%20regular%3A400%3Anormal\u00bb css=\u00bb.vc_custom_1526634310264{margin-top: 45px !important;}\u00bb][vc_custom_heading text=\u00bbVamos a conocernos\u00bb font_container=\u00bbtag:h3|font_size:36|text_align:left|color:%2300a0e0|line_height:36px\u00bb google_fonts=\u00bbfont_family:Roboto%3A100%2C100italic%2C300%2C300italic%2Cregular%2Citalic%2C500%2C500italic%2C700%2C700italic%2C900%2C900italic|font_style:100%20light%20regular%3A100%3Anormal\u00bb css=\u00bb.vc_custom_1526634320328{margin-bottom: 22px !important;}\u00bb][vc_column_text css=\u00bb.vc_custom_1529657166321{margin-bottom: 25px !important;}\u00bb]\u00bfC\u00f3mo aportar una soluci\u00f3n personalizada e individual sin un an\u00e1lisis previo del entorno? Practicamos una observaci\u00f3n sistem\u00e1tica de cada centro con el fin de conocer las necesidades, restricciones y tambi\u00e9n los objetivos de funcionamiento, de cuidados y de calidad que han establecido.<\/p>\n<p>Estos objetivos se pueden lograr gracias a <b>una sinergia de habilidades entre el know-how de AMD y una cooperaci\u00f3n constante<\/b> con los equipos de salud y sus supervisores.<br \/>\nLa calidad del servicio de soporte es el elemento clave de nuestra aportaci\u00f3n para mejorar la efectividad, las competencias y la implicaci\u00f3n del personal de salud.[\/vc_column_text][divider line_type=\u00bbFull Width Line\u00bb line_thickness=\u00bb1&#8243; divider_color=\u00bbdefault\u00bb custom_height=\u00bb80&#8243;][vc_custom_heading text=\u00bbUn equipo de expertos\u00bb font_container=\u00bbtag:h2|font_size:36|text_align:left|color:%2300a0e0|line_height:36px\u00bb google_fonts=\u00bbfont_family:Roboto%3A100%2C100italic%2C300%2C300italic%2Cregular%2Citalic%2C500%2C500italic%2C700%2C700italic%2C900%2C900italic|font_style:400%20regular%3A400%3Anormal\u00bb css=\u00bb.vc_custom_1526634419859{margin-top: 45px !important;}\u00bb][vc_custom_heading text=\u00bbA su servicio diariamente\u00bb font_container=\u00bbtag:h3|font_size:36|text_align:left|color:%2300a0e0|line_height:36px\u00bb google_fonts=\u00bbfont_family:Roboto%3A100%2C100italic%2C300%2C300italic%2Cregular%2Citalic%2C500%2C500italic%2C700%2C700italic%2C900%2C900italic|font_style:100%20light%20regular%3A100%3Anormal\u00bb css=\u00bb.vc_custom_1526634427603{margin-bottom: 22px !important;}\u00bb][vc_column_text css=\u00bb.vc_custom_1529657244845{margin-bottom: 25px !important;}\u00bb]Cuidadores titulados y con experiencia, dedicados a la atenci\u00f3n de los ancianos, juegan un papel clave en la <b>optimizaci\u00f3n de la efectividad de vuestro centro<\/b> y en la gesti\u00f3n de personas con incontinencia.<\/p>\n<p><b>Misiones: <\/b>[\/vc_column_text][vc_column_text]<div class=\"col span_8\" data-animation=\"\" data-delay=\"0\">\n<ul>\n<li>Proponer un di\u00e1logo de confianza y seguimiento de calidad<\/li>\n<li>Realizar una auditor\u00eda log\u00edstica<\/li>\n<li>Implementar protocolos personalizados para el bienestar de los pacientes y la comodidad de los equipos de cuidadores<\/li>\n<li>Proporcionar capacitaci\u00f3n y monitorizaci\u00f3n regular a vuestros equipos: caracter\u00edsticas y recomendaciones sobre productos, t\u00e9cnicas de colocaci\u00f3n y enfoques relacionales<\/li>\n<li>Ayudar a integrar datos de paciente \/ residente y herramientas de gesti\u00f3n<\/li>\n<\/ul>\n<\/div><div class=\"col span_4 col_last\" data-animation=\"\" data-delay=\"0\"><img loading=\"lazy\" decoding=\"async\" src=\"http:\/\/amd-incontinence.com\/wp-content\/uploads\/sites\/4\/2018\/03\/experts.jpg\" alt=\"Expertos en el campo m\u00e9dico\" width=\"271\" height=\"186\" class=\"aligncenter size-full wp-image-859 nomargeBoTop\" \/> <\/div><div class=\"clear\"><\/div>[\/vc_column_text][divider line_type=\u00bbFull Width Line\u00bb line_thickness=\u00bb1&#8243; divider_color=\u00bbdefault\u00bb custom_height=\u00bb80&#8243;][vc_custom_heading text=\u00bbDisponer de un software simple\u00bb font_container=\u00bbtag:h2|font_size:36|text_align:left|color:%2300a0e0|line_height:36px\u00bb google_fonts=\u00bbfont_family:Roboto%3A100%2C100italic%2C300%2C300italic%2Cregular%2Citalic%2C500%2C500italic%2C700%2C700italic%2C900%2C900italic|font_style:400%20regular%3A400%3Anormal\u00bb css=\u00bb.vc_custom_1529659320290{margin-top: 45px !important;}\u00bb][vc_custom_heading text=\u00bbAccede a tus archivos en 3 clics\u00bb font_container=\u00bbtag:h3|font_size:36|text_align:left|color:%2300a0e0|line_height:36px\u00bb google_fonts=\u00bbfont_family:Roboto%3A100%2C100italic%2C300%2C300italic%2Cregular%2Citalic%2C500%2C500italic%2C700%2C700italic%2C900%2C900italic|font_style:100%20light%20regular%3A100%3Anormal\u00bb css=\u00bb.vc_custom_1529659340233{margin-bottom: 22px !important;}\u00bb][\/vc_column_inner][\/vc_row_inner][\/vc_column][\/vc_row][vc_row type=\u00bbin_container\u00bb full_screen_row_position=\u00bbmiddle\u00bb scene_position=\u00bbcenter\u00bb text_color=\u00bbdark\u00bb text_align=\u00bbleft\u00bb overlay_strength=\u00bb0.3&#8243; shape_divider_position=\u00bbbottom\u00bb][vc_column column_padding=\u00bbpadding-15-percent\u00bb column_padding_position=\u00bbleft-right\u00bb background_color_opacity=\u00bb1&#8243; background_hover_color_opacity=\u00bb1&#8243; column_shadow=\u00bbnone\u00bb column_border_radius=\u00bbnone\u00bb width=\u00bb1\/1&#8243; tablet_text_alignment=\u00bbdefault\u00bb phone_text_alignment=\u00bbdefault\u00bb column_border_width=\u00bbnone\u00bb column_border_style=\u00bbsolid\u00bb][vc_row_inner column_margin=\u00bbdefault\u00bb text_align=\u00bbleft\u00bb][vc_column_inner column_padding=\u00bbpadding-5-percent\u00bb column_padding_position=\u00bball\u00bb background_color=\u00bb#ffffff\u00bb background_color_opacity=\u00bb1&#8243; background_hover_color_opacity=\u00bb1&#8243; column_shadow=\u00bbnone\u00bb column_border_radius=\u00bbnone\u00bb width=\u00bb1\/1&#8243; column_border_width=\u00bbnone\u00bb column_border_style=\u00bbsolid\u00bb][image_with_animation image_url=\u00bb1033&#8243; alignment=\u00bb\u00bb animation=\u00bbFade In\u00bb img_link_target=\u00bb_blank\u00bb border_radius=\u00bbnone\u00bb box_shadow=\u00bbnone\u00bb max_width=\u00bb100%\u00bb img_link=\u00bbhttp:\/\/www.amd-profil.com\/\u00bb][vc_column_text]\n<p class=\"titre18\">Benef\u00edciate del programa <a href=\"http:\/\/www.amd-profil.com\/\" title=\"Software amd profil\" target=\"_blank\" rel=\"noopener\">AMD PROFIL<\/a><br \/>\ny gestiona las tareas m\u00e1s importantes con facilidad:<\/p>\n<ul>\n<li>Gesti\u00f3n de las dotaciones de absorbentes en el centro<\/li>\n<li>Optimizaci\u00f3n del uso de los productos<\/li>\n<li>Pedidos inmediatos<\/li>\n<li>Control presupuestario<\/li>\n<li>Estad\u00edsticas fiables<\/li>\n<li>Intervenci\u00f3n de AMD para la correcci\u00f3n de desviaciones<\/li>\n<li>Biblioteca de datos y videos<\/li>\n<\/ul>\n[\/vc_column_text][\/vc_column_inner][\/vc_row_inner][\/vc_column][\/vc_row][vc_row type=\u00bbin_container\u00bb full_screen_row_position=\u00bbmiddle\u00bb scene_position=\u00bbcenter\u00bb text_color=\u00bbdark\u00bb text_align=\u00bbleft\u00bb overlay_strength=\u00bb0.3&#8243; shape_divider_position=\u00bbbottom\u00bb][vc_column column_padding=\u00bbpadding-15-percent\u00bb column_padding_position=\u00bbleft-right\u00bb background_color_opacity=\u00bb1&#8243; background_hover_color_opacity=\u00bb1&#8243; column_shadow=\u00bbnone\u00bb column_border_radius=\u00bbnone\u00bb width=\u00bb1\/1&#8243; tablet_text_alignment=\u00bbdefault\u00bb phone_text_alignment=\u00bbdefault\u00bb column_border_width=\u00bbnone\u00bb column_border_style=\u00bbsolid\u00bb][vc_row_inner column_margin=\u00bbdefault\u00bb text_align=\u00bbleft\u00bb][vc_column_inner column_padding=\u00bbno-extra-padding\u00bb column_padding_position=\u00bball\u00bb background_color_opacity=\u00bb1&#8243; background_hover_color_opacity=\u00bb1&#8243; column_shadow=\u00bbnone\u00bb column_border_radius=\u00bbnone\u00bb width=\u00bb1\/1&#8243; column_border_width=\u00bbnone\u00bb column_border_style=\u00bbsolid\u00bb][divider line_type=\u00bbFull Width Line\u00bb line_thickness=\u00bb1&#8243; divider_color=\u00bbdefault\u00bb custom_height=\u00bb80&#8243;][vc_custom_heading text=\u00bbLa diferencia del servicio AMD\u00bb font_container=\u00bbtag:h2|font_size:36|text_align:left|color:%2300a0e0|line_height:36px\u00bb google_fonts=\u00bbfont_family:Roboto%3A100%2C100italic%2C300%2C300italic%2Cregular%2Citalic%2C500%2C500italic%2C700%2C700italic%2C900%2C900italic|font_style:400%20regular%3A400%3Anormal\u00bb css=\u00bb.vc_custom_1526634758795{margin-top: 45px !important;}\u00bb][vc_custom_heading text=\u00bbResultados garantizados !\u00bb font_container=\u00bbtag:h2|font_size:36|text_align:left|color:%2300a0e0|line_height:36px\u00bb google_fonts=\u00bbfont_family:Roboto%3A100%2C100italic%2C300%2C300italic%2Cregular%2Citalic%2C500%2C500italic%2C700%2C700italic%2C900%2C900italic|font_style:100%20light%20regular%3A100%3Anormal\u00bb css=\u00bb.vc_custom_1526634767837{margin-bottom: 22px !important;}\u00bb][vc_column_text css=\u00bb.vc_custom_1529659488565{margin-bottom: 25px !important;}\u00bb]En colaboraci\u00f3n con el equipo de profesionales del centro y sus responsables, AMD propone una herramientas de gesti\u00f3n de la incontinencia para garantizar un enfoque de atenci\u00f3n de calidad.[\/vc_column_text][vc_column_text]<div class=\"col span_8\" data-animation=\"\" data-delay=\"0\">\n<ul>\n<li>Optimizaci\u00f3n del confort de cada residente<\/li>\n<li>Favorecer el mantenimiento de la autonom\u00eda y de la continencia respetando la dignidad<\/li>\n<li>Calidad de los cuidados y de las buenas pr\u00e1cticas<\/li>\n<li>Mejora de las condiciones de trabajo de los equipos de cuidadores<\/li>\n<li>Formaci\u00f3n y consejos<\/li>\n<li>Herramientas fiables y relevantes para facilitar el trabajo de cada uno<\/li>\n<li>Gesti\u00f3n de los gastos ligados a la incontinencia.<\/li>\n<\/ul>\n<\/div><div class=\"col span_4 col_last\" data-animation=\"\" data-delay=\"0\"><img loading=\"lazy\" decoding=\"async\" src=\"http:\/\/amd-incontinence.com\/wp-content\/uploads\/sites\/4\/2018\/03\/aide-soignant.jpg\" alt=\"Cuidador\" width=\"270\" height=\"186\" class=\"aligncenter size-full wp-image-861 nomargeBoTop\" \/> <\/div><div class=\"clear\"><\/div>[\/vc_column_text][\/vc_column_inner][\/vc_row_inner][\/vc_column][\/vc_row]\n","protected":false},"excerpt":{"rendered":"<p>[vc_row type=\u00bbin_container\u00bb full_screen_row_position=\u00bbmiddle\u00bb scene_position=\u00bbcenter\u00bb text_color=\u00bbdark\u00bb text_align=\u00bbleft\u00bb class=\u00bbnomargeBot\u00bb overlay_strength=\u00bb0.3&#8243; shape_divider_position=\u00bbbottom\u00bb shape_type=\u00bb\u00bb][vc_column column_padding=\u00bbno-extra-padding\u00bb column_padding_position=\u00bball\u00bb background_color_opacity=\u00bb1&#8243; background_hover_color_opacity=\u00bb1&#8243; column_shadow=\u00bbnone\u00bb column_border_radius=\u00bbnone\u00bb width=\u00bb1\/1&#8243; tablet_text_alignment=\u00bbdefault\u00bb phone_text_alignment=\u00bbdefault\u00bb column_border_width=\u00bbnone\u00bb column_border_style=\u00bbsolid\u00bb][vc_row_inner column_margin=\u00bbdefault\u00bb top_padding=\u00bb75&#8243; text_align=\u00bbleft\u00bb][vc_column_inner column_padding=\u00bbpadding-15-percent\u00bb column_padding_position=\u00bbleft-right\u00bb background_color_opacity=\u00bb1&#8243; background_hover_color_opacity=\u00bb1&#8243; column_shadow=\u00bbnone\u00bb column_border_radius=\u00bbnone\u00bb&#8230;<\/p>\n","protected":false},"author":1,"featured_media":0,"parent":43,"menu_order":0,"comment_status":"closed","ping_status":"closed","template":"","meta":{"footnotes":""},"class_list":["post-853","page","type-page","status-publish"],"yoast_head":"<!-- This site is optimized with the Yoast SEO plugin v27.3 - https:\/\/yoast.com\/product\/yoast-seo-wordpress\/ -->\n<title>Eres un cuidador - AMD - Activ Medical Disposable<\/title>\n<meta name=\"robots\" content=\"index, follow, max-snippet:-1, max-image-preview:large, max-video-preview:-1\" \/>\n<link rel=\"canonical\" href=\"https:\/\/amd-incontinence.com\/espanol\/perdidas-de-orina-hablemos\/eres-un-cuidador\/\" \/>\n<meta property=\"og:locale\" content=\"es_ES\" \/>\n<meta property=\"og:type\" content=\"article\" \/>\n<meta property=\"og:title\" content=\"Eres un cuidador - AMD - Activ Medical Disposable\" \/>\n<meta property=\"og:description\" content=\"[vc_row type=\u00bbin_container\u00bb full_screen_row_position=\u00bbmiddle\u00bb scene_position=\u00bbcenter\u00bb text_color=\u00bbdark\u00bb text_align=\u00bbleft\u00bb class=\u00bbnomargeBot\u00bb overlay_strength=\u00bb0.3&#8243; shape_divider_position=\u00bbbottom\u00bb shape_type=\u00bb\u00bb][vc_column column_padding=\u00bbno-extra-padding\u00bb column_padding_position=\u00bball\u00bb background_color_opacity=\u00bb1&#8243; background_hover_color_opacity=\u00bb1&#8243; column_shadow=\u00bbnone\u00bb column_border_radius=\u00bbnone\u00bb width=\u00bb1\/1&#8243; tablet_text_alignment=\u00bbdefault\u00bb phone_text_alignment=\u00bbdefault\u00bb column_border_width=\u00bbnone\u00bb column_border_style=\u00bbsolid\u00bb][vc_row_inner column_margin=\u00bbdefault\u00bb top_padding=\u00bb75&#8243; text_align=\u00bbleft\u00bb][vc_column_inner column_padding=\u00bbpadding-15-percent\u00bb column_padding_position=\u00bbleft-right\u00bb background_color_opacity=\u00bb1&#8243; background_hover_color_opacity=\u00bb1&#8243; column_shadow=\u00bbnone\u00bb column_border_radius=\u00bbnone\u00bb...\" \/>\n<meta property=\"og:url\" content=\"https:\/\/amd-incontinence.com\/espanol\/perdidas-de-orina-hablemos\/eres-un-cuidador\/\" \/>\n<meta property=\"og:site_name\" content=\"AMD - Activ Medical Disposable\" \/>\n<meta property=\"article:modified_time\" content=\"2018-06-22T09:26:03+00:00\" \/>\n<meta property=\"og:image\" content=\"http:\/\/amd-incontinence.com\/wp-content\/uploads\/sites\/4\/2018\/03\/experts.jpg\" \/>\n<meta name=\"twitter:card\" content=\"summary_large_image\" \/>\n<meta name=\"twitter:label1\" content=\"Tiempo de lectura\" \/>\n\t<meta name=\"twitter:data1\" content=\"8 minutos\" \/>\n<script type=\"application\/ld+json\" class=\"yoast-schema-graph\">{\"@context\":\"https:\\\/\\\/schema.org\",\"@graph\":[{\"@type\":\"WebPage\",\"@id\":\"https:\\\/\\\/amd-incontinence.com\\\/espanol\\\/perdidas-de-orina-hablemos\\\/eres-un-cuidador\\\/\",\"url\":\"https:\\\/\\\/amd-incontinence.com\\\/espanol\\\/perdidas-de-orina-hablemos\\\/eres-un-cuidador\\\/\",\"name\":\"Eres un cuidador - AMD - Activ Medical Disposable\",\"isPartOf\":{\"@id\":\"https:\\\/\\\/amd-incontinence.com\\\/espanol\\\/#website\"},\"primaryImageOfPage\":{\"@id\":\"https:\\\/\\\/amd-incontinence.com\\\/espanol\\\/perdidas-de-orina-hablemos\\\/eres-un-cuidador\\\/#primaryimage\"},\"image\":{\"@id\":\"https:\\\/\\\/amd-incontinence.com\\\/espanol\\\/perdidas-de-orina-hablemos\\\/eres-un-cuidador\\\/#primaryimage\"},\"thumbnailUrl\":\"http:\\\/\\\/amd-incontinence.com\\\/wp-content\\\/uploads\\\/sites\\\/4\\\/2018\\\/03\\\/experts.jpg\",\"datePublished\":\"2018-03-29T14:07:42+00:00\",\"dateModified\":\"2018-06-22T09:26:03+00:00\",\"breadcrumb\":{\"@id\":\"https:\\\/\\\/amd-incontinence.com\\\/espanol\\\/perdidas-de-orina-hablemos\\\/eres-un-cuidador\\\/#breadcrumb\"},\"inLanguage\":\"es\",\"potentialAction\":[{\"@type\":\"ReadAction\",\"target\":[\"https:\\\/\\\/amd-incontinence.com\\\/espanol\\\/perdidas-de-orina-hablemos\\\/eres-un-cuidador\\\/\"]}]},{\"@type\":\"ImageObject\",\"inLanguage\":\"es\",\"@id\":\"https:\\\/\\\/amd-incontinence.com\\\/espanol\\\/perdidas-de-orina-hablemos\\\/eres-un-cuidador\\\/#primaryimage\",\"url\":\"http:\\\/\\\/amd-incontinence.com\\\/wp-content\\\/uploads\\\/sites\\\/4\\\/2018\\\/03\\\/experts.jpg\",\"contentUrl\":\"http:\\\/\\\/amd-incontinence.com\\\/wp-content\\\/uploads\\\/sites\\\/4\\\/2018\\\/03\\\/experts.jpg\"},{\"@type\":\"BreadcrumbList\",\"@id\":\"https:\\\/\\\/amd-incontinence.com\\\/espanol\\\/perdidas-de-orina-hablemos\\\/eres-un-cuidador\\\/#breadcrumb\",\"itemListElement\":[{\"@type\":\"ListItem\",\"position\":1,\"name\":\"Accueil\",\"item\":\"https:\\\/\\\/amd-incontinence.com\\\/espanol\\\/\"},{\"@type\":\"ListItem\",\"position\":2,\"name\":\"P\u00e9rdidas de orina, hablemos\",\"item\":\"https:\\\/\\\/amd-incontinence.com\\\/espanol\\\/perdidas-de-orina-hablemos\\\/\"},{\"@type\":\"ListItem\",\"position\":3,\"name\":\"Eres un cuidador\"}]},{\"@type\":\"WebSite\",\"@id\":\"https:\\\/\\\/amd-incontinence.com\\\/espanol\\\/#website\",\"url\":\"https:\\\/\\\/amd-incontinence.com\\\/espanol\\\/\",\"name\":\"AMD - Activ Medical Disposable\",\"description\":\"\",\"potentialAction\":[{\"@type\":\"SearchAction\",\"target\":{\"@type\":\"EntryPoint\",\"urlTemplate\":\"https:\\\/\\\/amd-incontinence.com\\\/espanol\\\/?s={search_term_string}\"},\"query-input\":{\"@type\":\"PropertyValueSpecification\",\"valueRequired\":true,\"valueName\":\"search_term_string\"}}],\"inLanguage\":\"es\"}]}<\/script>\n<!-- \/ Yoast SEO plugin. -->","yoast_head_json":{"title":"Eres un cuidador - AMD - Activ Medical Disposable","robots":{"index":"index","follow":"follow","max-snippet":"max-snippet:-1","max-image-preview":"max-image-preview:large","max-video-preview":"max-video-preview:-1"},"canonical":"https:\/\/amd-incontinence.com\/espanol\/perdidas-de-orina-hablemos\/eres-un-cuidador\/","og_locale":"es_ES","og_type":"article","og_title":"Eres un cuidador - AMD - Activ Medical Disposable","og_description":"[vc_row type=\u00bbin_container\u00bb full_screen_row_position=\u00bbmiddle\u00bb scene_position=\u00bbcenter\u00bb text_color=\u00bbdark\u00bb text_align=\u00bbleft\u00bb class=\u00bbnomargeBot\u00bb overlay_strength=\u00bb0.3&#8243; shape_divider_position=\u00bbbottom\u00bb shape_type=\u00bb\u00bb][vc_column column_padding=\u00bbno-extra-padding\u00bb column_padding_position=\u00bball\u00bb background_color_opacity=\u00bb1&#8243; background_hover_color_opacity=\u00bb1&#8243; column_shadow=\u00bbnone\u00bb column_border_radius=\u00bbnone\u00bb width=\u00bb1\/1&#8243; tablet_text_alignment=\u00bbdefault\u00bb phone_text_alignment=\u00bbdefault\u00bb column_border_width=\u00bbnone\u00bb column_border_style=\u00bbsolid\u00bb][vc_row_inner column_margin=\u00bbdefault\u00bb top_padding=\u00bb75&#8243; text_align=\u00bbleft\u00bb][vc_column_inner column_padding=\u00bbpadding-15-percent\u00bb column_padding_position=\u00bbleft-right\u00bb background_color_opacity=\u00bb1&#8243; background_hover_color_opacity=\u00bb1&#8243; column_shadow=\u00bbnone\u00bb column_border_radius=\u00bbnone\u00bb...","og_url":"https:\/\/amd-incontinence.com\/espanol\/perdidas-de-orina-hablemos\/eres-un-cuidador\/","og_site_name":"AMD - Activ Medical Disposable","article_modified_time":"2018-06-22T09:26:03+00:00","og_image":[{"url":"http:\/\/amd-incontinence.com\/wp-content\/uploads\/sites\/4\/2018\/03\/experts.jpg","type":"","width":"","height":""}],"twitter_card":"summary_large_image","twitter_misc":{"Tiempo de lectura":"8 minutos"},"schema":{"@context":"https:\/\/schema.org","@graph":[{"@type":"WebPage","@id":"https:\/\/amd-incontinence.com\/espanol\/perdidas-de-orina-hablemos\/eres-un-cuidador\/","url":"https:\/\/amd-incontinence.com\/espanol\/perdidas-de-orina-hablemos\/eres-un-cuidador\/","name":"Eres un cuidador - AMD - Activ Medical Disposable","isPartOf":{"@id":"https:\/\/amd-incontinence.com\/espanol\/#website"},"primaryImageOfPage":{"@id":"https:\/\/amd-incontinence.com\/espanol\/perdidas-de-orina-hablemos\/eres-un-cuidador\/#primaryimage"},"image":{"@id":"https:\/\/amd-incontinence.com\/espanol\/perdidas-de-orina-hablemos\/eres-un-cuidador\/#primaryimage"},"thumbnailUrl":"http:\/\/amd-incontinence.com\/wp-content\/uploads\/sites\/4\/2018\/03\/experts.jpg","datePublished":"2018-03-29T14:07:42+00:00","dateModified":"2018-06-22T09:26:03+00:00","breadcrumb":{"@id":"https:\/\/amd-incontinence.com\/espanol\/perdidas-de-orina-hablemos\/eres-un-cuidador\/#breadcrumb"},"inLanguage":"es","potentialAction":[{"@type":"ReadAction","target":["https:\/\/amd-incontinence.com\/espanol\/perdidas-de-orina-hablemos\/eres-un-cuidador\/"]}]},{"@type":"ImageObject","inLanguage":"es","@id":"https:\/\/amd-incontinence.com\/espanol\/perdidas-de-orina-hablemos\/eres-un-cuidador\/#primaryimage","url":"http:\/\/amd-incontinence.com\/wp-content\/uploads\/sites\/4\/2018\/03\/experts.jpg","contentUrl":"http:\/\/amd-incontinence.com\/wp-content\/uploads\/sites\/4\/2018\/03\/experts.jpg"},{"@type":"BreadcrumbList","@id":"https:\/\/amd-incontinence.com\/espanol\/perdidas-de-orina-hablemos\/eres-un-cuidador\/#breadcrumb","itemListElement":[{"@type":"ListItem","position":1,"name":"Accueil","item":"https:\/\/amd-incontinence.com\/espanol\/"},{"@type":"ListItem","position":2,"name":"P\u00e9rdidas de orina, hablemos","item":"https:\/\/amd-incontinence.com\/espanol\/perdidas-de-orina-hablemos\/"},{"@type":"ListItem","position":3,"name":"Eres un cuidador"}]},{"@type":"WebSite","@id":"https:\/\/amd-incontinence.com\/espanol\/#website","url":"https:\/\/amd-incontinence.com\/espanol\/","name":"AMD - Activ Medical Disposable","description":"","potentialAction":[{"@type":"SearchAction","target":{"@type":"EntryPoint","urlTemplate":"https:\/\/amd-incontinence.com\/espanol\/?s={search_term_string}"},"query-input":{"@type":"PropertyValueSpecification","valueRequired":true,"valueName":"search_term_string"}}],"inLanguage":"es"}]}},"_links":{"self":[{"href":"https:\/\/amd-incontinence.com\/espanol\/wp-json\/wp\/v2\/pages\/853","targetHints":{"allow":["GET"]}}],"collection":[{"href":"https:\/\/amd-incontinence.com\/espanol\/wp-json\/wp\/v2\/pages"}],"about":[{"href":"https:\/\/amd-incontinence.com\/espanol\/wp-json\/wp\/v2\/types\/page"}],"author":[{"embeddable":true,"href":"https:\/\/amd-incontinence.com\/espanol\/wp-json\/wp\/v2\/users\/1"}],"replies":[{"embeddable":true,"href":"https:\/\/amd-incontinence.com\/espanol\/wp-json\/wp\/v2\/comments?post=853"}],"version-history":[{"count":5,"href":"https:\/\/amd-incontinence.com\/espanol\/wp-json\/wp\/v2\/pages\/853\/revisions"}],"predecessor-version":[{"id":1034,"href":"https:\/\/amd-incontinence.com\/espanol\/wp-json\/wp\/v2\/pages\/853\/revisions\/1034"}],"up":[{"embeddable":true,"href":"https:\/\/amd-incontinence.com\/espanol\/wp-json\/wp\/v2\/pages\/43"}],"wp:attachment":[{"href":"https:\/\/amd-incontinence.com\/espanol\/wp-json\/wp\/v2\/media?parent=853"}],"curies":[{"name":"wp","href":"https:\/\/api.w.org\/{rel}","templated":true}]}}