{"id":913,"date":"2018-03-30T11:03:24","date_gmt":"2018-03-30T09:03:24","guid":{"rendered":"http:\/\/amd-incontinence.com\/espanol\/?page_id=913"},"modified":"2018-03-30T13:46:24","modified_gmt":"2018-03-30T11:46:24","slug":"plan-du-site","status":"publish","type":"page","link":"https:\/\/amd-incontinence.com\/espanol\/plan-du-site\/","title":{"rendered":"Plan du site"},"content":{"rendered":"[vc_row type=\u00bbin_container\u00bb full_screen_row_position=\u00bbmiddle\u00bb scene_position=\u00bbcenter\u00bb text_color=\u00bbdark\u00bb text_align=\u00bbleft\u00bb top_padding=\u00bb40&#8243; bottom_padding=\u00bb40&#8243; overlay_strength=\u00bb0.3&#8243; shape_divider_position=\u00bbbottom\u00bb shape_type=\u00bb\u00bb][vc_column column_padding=\u00bbpadding-15-percent\u00bb column_padding_position=\u00bbleft-right\u00bb background_color_opacity=\u00bb1&#8243; background_hover_color_opacity=\u00bb1&#8243; column_shadow=\u00bbnone\u00bb column_border_radius=\u00bbnone\u00bb width=\u00bb1\/1&#8243; tablet_text_alignment=\u00bbdefault\u00bb phone_text_alignment=\u00bbdefault\u00bb column_border_width=\u00bbnone\u00bb column_border_style=\u00bbsolid\u00bb][vc_column_text]\n<h1>Plan du site<\/h1>\n<div class=\"wsp-container\"><h2 class=\"wsp-pages-title\">P\u00e1ginas<\/h2>\n<ul class=\"wsp-pages-list\">\n<li class=\"page_item page-item-738\"><a href=\"https:\/\/amd-incontinence.com\/espanol\/actualidad\/\">Actualidad<\/a><\/li>\n<li class=\"page_item page-item-41 page_item_has_children\"><a href=\"https:\/\/amd-incontinence.com\/espanol\/amd\/\">Amd<\/a>\n<ul class='children'>\n\t<li class=\"page_item page-item-352\"><a href=\"https:\/\/amd-incontinence.com\/espanol\/amd\/amd-en-cifras\/\">AMD en cifras<\/a><\/li>\n\t<li class=\"page_item page-item-50\"><a href=\"https:\/\/amd-incontinence.com\/espanol\/amd\/compania\/\">Compa\u00f1\u00eda<\/a><\/li>\n\t<li class=\"page_item page-item-350\"><a href=\"https:\/\/amd-incontinence.com\/espanol\/amd\/desarrollo-sostenible\/\">Desarrollo sostenible<\/a><\/li>\n\t<li class=\"page_item page-item-53\"><a href=\"https:\/\/amd-incontinence.com\/espanol\/amd\/plantas-de-produccion\/\">Plantas de producci\u00f3n<\/a><\/li>\n\t<li class=\"page_item page-item-348\"><a href=\"https:\/\/amd-incontinence.com\/espanol\/amd\/presencia-internacional\/\">Presencia internacional<\/a><\/li>\n<\/ul>\n<\/li>\n<li class=\"page_item page-item-2\"><a href=\"https:\/\/amd-incontinence.com\/espanol\/\">Bienvenida<\/a><\/li>\n<li class=\"page_item page-item-1319\"><a href=\"https:\/\/amd-incontinence.com\/espanol\/canal-etico\/\">CANAL ETICO<\/a><\/li>\n<li class=\"page_item page-item-45\"><a href=\"https:\/\/amd-incontinence.com\/espanol\/contacto\/\">Contacto<\/a><\/li>\n<li class=\"page_item page-item-167\"><a href=\"https:\/\/amd-incontinence.com\/espanol\/crea-tu-propia-marca\/\">Crea tu propia marca<\/a><\/li>\n<li class=\"page_item page-item-918\"><a href=\"https:\/\/amd-incontinence.com\/espanol\/notas-legales\/\">Notas legales<\/a><\/li>\n<li class=\"page_item page-item-43 page_item_has_children\"><a href=\"https:\/\/amd-incontinence.com\/espanol\/perdidas-de-orina-hablemos\/\">P\u00e9rdidas de orina, hablemos<\/a>\n<ul class='children'>\n\t<li class=\"page_item page-item-853\"><a href=\"https:\/\/amd-incontinence.com\/espanol\/perdidas-de-orina-hablemos\/eres-un-cuidador\/\">Eres un cuidador<\/a><\/li>\n\t<li class=\"page_item page-item-795\"><a href=\"https:\/\/amd-incontinence.com\/espanol\/perdidas-de-orina-hablemos\/eres-un-hombre\/\">Eres un hombre<\/a><\/li>\n\t<li class=\"page_item page-item-793\"><a href=\"https:\/\/amd-incontinence.com\/espanol\/perdidas-de-orina-hablemos\/eres-una-mujer\/\">Eres una mujer<\/a><\/li>\n<\/ul>\n<\/li>\n<li class=\"page_item page-item-913\"><a href=\"https:\/\/amd-incontinence.com\/espanol\/plan-du-site\/\">Plan du site<\/a><\/li>\n<li class=\"page_item page-item-1073\"><a href=\"https:\/\/amd-incontinence.com\/espanol\/politica-de-privacidad-y-aviso-legal-web\/\">POL\u00cdTICA DE PRIVACIDAD Y AVISO LEGAL WEB<\/a><\/li>\n<li class=\"page_item page-item-1327\"><a href=\"https:\/\/amd-incontinence.com\/espanol\/politique-de-cookies-ue\/\">Politique de cookies (UE)<\/a><\/li>\n<\/ul>\n<h2 class=\"wsp-posts-title\">Posts por categor\u00eda<\/h2>\n<ul class=\"wsp-posts-list\">\n\t<li><strong class=\"wsp-category-title\">Category: <a href=\"https:\/\/amd-incontinence.com\/espanol\/category\/non-classe\/\">No clasificado<\/a><\/strong>\n<ul class=\"wsp-posts-list\">\t\t<li class=\"wsp-post\"><a href=\"https:\/\/amd-incontinence.com\/espanol\/tdii-feder-2025_-activmedicaliberica\/\">ACTIV MEDICAL IBERICA, S.L: Ayudas para la Transformaci\u00f3n y Desarrollo Industrial en Arag\u00f3n, L\u00ednea TDI-FEDER &#8211; Convocatoria 2025<\/a><\/li>\n\t\t<li class=\"wsp-post\"><a href=\"https:\/\/amd-incontinence.com\/espanol\/amd-arab-health-2023-dubai\/\">AMD \u2013 ARAB HEALTH 2023 \u2013 DUBA\u00cf<\/a><\/li>\n\t\t<li class=\"wsp-post\"><a href=\"https:\/\/amd-incontinence.com\/espanol\/amd-arab-health-2022-dubai\/\">AMD &#8211; ARAB HEALTH 2022 \u2013 DUBAI\u00a0<\/a><\/li>\n\t\t<li class=\"wsp-post\"><a href=\"https:\/\/amd-incontinence.com\/espanol\/amd-salon-medica-dusseldorf-alemania-2021\/\">AMD- Sal\u00f3n MEDICA D\u00fcsseldorf (Alemania) 2021<\/a><\/li>\n\t\t<li class=\"wsp-post\"><a href=\"https:\/\/amd-incontinence.com\/espanol\/covid-19-activ-medical-disposable\/\">Covid 19 Activ Medical Disposable<\/a><\/li>\n\t\t<li class=\"wsp-post\"><a href=\"https:\/\/amd-incontinence.com\/espanol\/amd-feria-arabe-health-dubai-2020\/\">AMD &#8211; FERIA ARABE HEALTH (DUBAI) 2020<\/a><\/li>\n\t\t<li class=\"wsp-post\"><a href=\"https:\/\/amd-incontinence.com\/espanol\/amd-el-compromiso-con-la-calidad-en-el-corazon-de-nuestro-negocio-una-nueva-certificacion-iso-13485\/\">AMD, el\u00a0compromiso con la calidad en el coraz\u00f3n de nuestro negocio, una\u00a0nueva certificaci\u00f3n ISO 13485<\/a><\/li>\n\t\t<li class=\"wsp-post\"><a href=\"https:\/\/amd-incontinence.com\/espanol\/amd-salon-medica-dusseldorf-alemania-2019\/\">AMD- Sal\u00f3n MEDICA D\u00fcsseldorf (Alemania) 2019<\/a><\/li>\n\t\t<li class=\"wsp-post\"><a href=\"https:\/\/amd-incontinence.com\/espanol\/amd-espana-anecorm-zaragoza\/\">AMD- Espa\u00f1a ANECORM (Zaragoza)<\/a><\/li>\n\t\t<li class=\"wsp-post\"><a href=\"https:\/\/amd-incontinence.com\/espanol\/amd-espana-expofarma-zaragoza\/\">AMD- Espa\u00f1a EXPOFARMA (Zaragoza)<\/a><\/li>\n\t\t<li class=\"wsp-post\"><a href=\"https:\/\/amd-incontinence.com\/espanol\/los-absorbentes-amd-100-seguros\/\">Los absorbentes AMD: 100% seguros<\/a><\/li>\n\t\t<li class=\"wsp-post\"><a href=\"https:\/\/amd-incontinence.com\/espanol\/amd-iberica\/\">Amd Iberica<\/a><\/li>\n\t\t<li class=\"wsp-post\"><a href=\"https:\/\/amd-incontinence.com\/espanol\/activ-medical-disposable-ldt-uk\/\">Activ Medical Disposable LDT UK<\/a><\/li>\n\t\t<li class=\"wsp-post\"><a href=\"https:\/\/amd-incontinence.com\/espanol\/amd-lady\/\">Amd Lady<\/a><\/li>\n\t\t<li class=\"wsp-post\"><a href=\"https:\/\/amd-incontinence.com\/espanol\/protector-60x75-cm-amd-pad\/\">Protector 60X75 cm &#8211; amd pad<\/a><\/li>\n\t\t<li class=\"wsp-post\"><a href=\"https:\/\/amd-incontinence.com\/espanol\/congreso-arab-health-2019\/\">Congreso Arab Health 2019<\/a><\/li>\n\t\t<li class=\"wsp-post\"><a href=\"https:\/\/amd-incontinence.com\/espanol\/activ-medical-iberica-una-nueva-planta-de-produccion-en-espana\/\">Activ Medical Ib\u00e9rica: una nueva planta de producci\u00f3n en Espa\u00f1a<\/a><\/li>\n\t\t<li class=\"wsp-post\"><a href=\"https:\/\/amd-incontinence.com\/espanol\/salon-international-medica\/\">Sal\u00f3n internacional M\u00c9DICA<\/a><\/li>\n\t\t<li class=\"wsp-post\"><a href=\"https:\/\/amd-incontinence.com\/espanol\/salon-nacional-de-assises-de-ehpad\/\">Sal\u00f3n Nacional de Assises de EHPAD<\/a><\/li>\n\t\t<li class=\"wsp-post\"><a href=\"https:\/\/amd-incontinence.com\/espanol\/reclutamiento-de-un-director-de-ventas-en-el-reino-unido-unase-al-equipo-de-amd\/\">Reclutamiento de un Director de ventas en el Reino Unido: \u00a1\u00danase al equipo de AMD!<\/a><\/li>\n\t\t<li class=\"wsp-post\"><a href=\"https:\/\/amd-incontinence.com\/espanol\/salon-fnadepa\/\">Sal\u00f3n FNADEPA<\/a><\/li>\n\t\t<li class=\"wsp-post\"><a href=\"https:\/\/amd-incontinence.com\/espanol\/salon-de-synerpa\/\">Sal\u00f3n de Synerpa<\/a><\/li>\n\t\t<li class=\"wsp-post\"><a href=\"https:\/\/amd-incontinence.com\/espanol\/salon-internacional-arab-health\/\">Sal\u00f3n internacional ARAB HEALTH<\/a><\/li>\n\t\t<li class=\"wsp-post\"><a href=\"https:\/\/amd-incontinence.com\/espanol\/10-coloquio-fnadepa\/\">10\u00ba Coloquio FNADEPA<\/a><\/li>\n<\/ul><\/li>\n<\/ul>\n<h2 class=\"wsp-products-title\">Productos<\/h2>\n<ul class=\"wsp-products-list\">\n<li><a href=\"https:\/\/amd-incontinence.com\/espanol\/productos\/amd-lady\/\">amd Lady<\/a><\/li>\n<li><a href=\"https:\/\/amd-incontinence.com\/espanol\/productos\/amd-men\/\">amd Men<\/a><\/li>\n<li><a href=\"https:\/\/amd-incontinence.com\/espanol\/productos\/amd-ropa-interior-desechable\/\">amd Ropa interior desechable<\/a><\/li>\n<li><a href=\"https:\/\/amd-incontinence.com\/espanol\/productos\/amd-form\/\">amd Form<\/a><\/li>\n<li><a href=\"https:\/\/amd-incontinence.com\/espanol\/productos\/amd-slip\/\">amd Slip<\/a><\/li>\n<li><a href=\"https:\/\/amd-incontinence.com\/espanol\/productos\/amd-pad\/\">amd Pad<\/a><\/li>\n<li><a href=\"https:\/\/amd-incontinence.com\/espanol\/productos\/protecciones-rectangulares\/\">protecciones rectangulares<\/a><\/li>\n<li><a href=\"https:\/\/amd-incontinence.com\/espanol\/productos\/amd-cotton-fix\/\">amd Cotton Fix<\/a><\/li>\n<li><a href=\"https:\/\/amd-incontinence.com\/espanol\/productos\/amd-fix\/\">amd Fix<\/a><\/li>\n<li><a href=\"https:\/\/amd-incontinence.com\/espanol\/productos\/baberos-para-adultos-de-un-solo-uso\/\">Baberos para adultos de un solo uso<\/a><\/li>\n<li><a href=\"https:\/\/amd-incontinence.com\/espanol\/productos\/manoplas-de-higiene\/\">Manoplas de higiene<\/a><\/li>\n<li><a href=\"https:\/\/amd-incontinence.com\/espanol\/productos\/toallitas-impregnadas-xl\/\">Toallitas impregnadas XL<\/a><\/li>\n<li><a href=\"https:\/\/amd-incontinence.com\/espanol\/productos\/guantes-de-higiene\/\">Guantes de higiene<\/a><\/li>\n<\/ul>\n<h2 class=\"wsp-product_cats-title\">Categor\u00edas del producto<\/h2>\n<ul class=\"wsp-product_cats-list\">\n<li><a href=\"https:\/\/amd-incontinence.com\/espanol\/catalogo\/los-productos-amd\/articulos-complementarios\/\">art\u00edculos complementarios<\/a><\/li>\n<li><a href=\"https:\/\/amd-incontinence.com\/espanol\/catalogo\/los-productos-amd\/\">Los productos amd<\/a><\/li>\n<\/ul>\n<\/div>[\/vc_column_text][\/vc_column][\/vc_row]\n","protected":false},"excerpt":{"rendered":"<p>[vc_row type=\u00bbin_container\u00bb full_screen_row_position=\u00bbmiddle\u00bb scene_position=\u00bbcenter\u00bb text_color=\u00bbdark\u00bb text_align=\u00bbleft\u00bb top_padding=\u00bb40&#8243; bottom_padding=\u00bb40&#8243; overlay_strength=\u00bb0.3&#8243; shape_divider_position=\u00bbbottom\u00bb shape_type=\u00bb\u00bb][vc_column column_padding=\u00bbpadding-15-percent\u00bb column_padding_position=\u00bbleft-right\u00bb background_color_opacity=\u00bb1&#8243; background_hover_color_opacity=\u00bb1&#8243; column_shadow=\u00bbnone\u00bb column_border_radius=\u00bbnone\u00bb width=\u00bb1\/1&#8243; tablet_text_alignment=\u00bbdefault\u00bb phone_text_alignment=\u00bbdefault\u00bb column_border_width=\u00bbnone\u00bb column_border_style=\u00bbsolid\u00bb][vc_column_text] Plan du site [\/vc_column_text][\/vc_column][\/vc_row]<\/p>\n","protected":false},"author":1,"featured_media":0,"parent":0,"menu_order":0,"comment_status":"closed","ping_status":"closed","template":"","meta":{"footnotes":""},"class_list":["post-913","page","type-page","status-publish"],"yoast_head":"<!-- This site is optimized with the Yoast SEO plugin v27.3 - https:\/\/yoast.com\/product\/yoast-seo-wordpress\/ -->\n<title>Plan du site - AMD - Activ Medical Disposable<\/title>\n<meta name=\"robots\" content=\"index, follow, max-snippet:-1, max-image-preview:large, max-video-preview:-1\" \/>\n<link rel=\"canonical\" href=\"https:\/\/amd-incontinence.com\/espanol\/plan-du-site\/\" \/>\n<meta property=\"og:locale\" content=\"es_ES\" \/>\n<meta property=\"og:type\" content=\"article\" \/>\n<meta property=\"og:title\" content=\"Plan du site - AMD - Activ Medical Disposable\" \/>\n<meta property=\"og:description\" content=\"[vc_row type=\u00bbin_container\u00bb full_screen_row_position=\u00bbmiddle\u00bb scene_position=\u00bbcenter\u00bb text_color=\u00bbdark\u00bb text_align=\u00bbleft\u00bb top_padding=\u00bb40&#8243; bottom_padding=\u00bb40&#8243; overlay_strength=\u00bb0.3&#8243; shape_divider_position=\u00bbbottom\u00bb shape_type=\u00bb\u00bb][vc_column column_padding=\u00bbpadding-15-percent\u00bb column_padding_position=\u00bbleft-right\u00bb background_color_opacity=\u00bb1&#8243; background_hover_color_opacity=\u00bb1&#8243; column_shadow=\u00bbnone\u00bb column_border_radius=\u00bbnone\u00bb width=\u00bb1\/1&#8243; tablet_text_alignment=\u00bbdefault\u00bb phone_text_alignment=\u00bbdefault\u00bb column_border_width=\u00bbnone\u00bb column_border_style=\u00bbsolid\u00bb][vc_column_text] Plan du site [\/vc_column_text][\/vc_column][\/vc_row]\" \/>\n<meta property=\"og:url\" content=\"https:\/\/amd-incontinence.com\/espanol\/plan-du-site\/\" \/>\n<meta property=\"og:site_name\" content=\"AMD - Activ Medical Disposable\" \/>\n<meta property=\"article:modified_time\" content=\"2018-03-30T11:46:24+00:00\" \/>\n<meta name=\"twitter:card\" content=\"summary_large_image\" \/>\n<script type=\"application\/ld+json\" class=\"yoast-schema-graph\">{\"@context\":\"https:\\\/\\\/schema.org\",\"@graph\":[{\"@type\":\"WebPage\",\"@id\":\"https:\\\/\\\/amd-incontinence.com\\\/espanol\\\/plan-du-site\\\/\",\"url\":\"https:\\\/\\\/amd-incontinence.com\\\/espanol\\\/plan-du-site\\\/\",\"name\":\"Plan du site - AMD - Activ Medical Disposable\",\"isPartOf\":{\"@id\":\"https:\\\/\\\/amd-incontinence.com\\\/espanol\\\/#website\"},\"datePublished\":\"2018-03-30T09:03:24+00:00\",\"dateModified\":\"2018-03-30T11:46:24+00:00\",\"breadcrumb\":{\"@id\":\"https:\\\/\\\/amd-incontinence.com\\\/espanol\\\/plan-du-site\\\/#breadcrumb\"},\"inLanguage\":\"es\",\"potentialAction\":[{\"@type\":\"ReadAction\",\"target\":[\"https:\\\/\\\/amd-incontinence.com\\\/espanol\\\/plan-du-site\\\/\"]}]},{\"@type\":\"BreadcrumbList\",\"@id\":\"https:\\\/\\\/amd-incontinence.com\\\/espanol\\\/plan-du-site\\\/#breadcrumb\",\"itemListElement\":[{\"@type\":\"ListItem\",\"position\":1,\"name\":\"Accueil\",\"item\":\"https:\\\/\\\/amd-incontinence.com\\\/espanol\\\/\"},{\"@type\":\"ListItem\",\"position\":2,\"name\":\"Plan du site\"}]},{\"@type\":\"WebSite\",\"@id\":\"https:\\\/\\\/amd-incontinence.com\\\/espanol\\\/#website\",\"url\":\"https:\\\/\\\/amd-incontinence.com\\\/espanol\\\/\",\"name\":\"AMD - Activ Medical Disposable\",\"description\":\"\",\"potentialAction\":[{\"@type\":\"SearchAction\",\"target\":{\"@type\":\"EntryPoint\",\"urlTemplate\":\"https:\\\/\\\/amd-incontinence.com\\\/espanol\\\/?s={search_term_string}\"},\"query-input\":{\"@type\":\"PropertyValueSpecification\",\"valueRequired\":true,\"valueName\":\"search_term_string\"}}],\"inLanguage\":\"es\"}]}<\/script>\n<!-- \/ Yoast SEO plugin. -->","yoast_head_json":{"title":"Plan du site - AMD - Activ Medical Disposable","robots":{"index":"index","follow":"follow","max-snippet":"max-snippet:-1","max-image-preview":"max-image-preview:large","max-video-preview":"max-video-preview:-1"},"canonical":"https:\/\/amd-incontinence.com\/espanol\/plan-du-site\/","og_locale":"es_ES","og_type":"article","og_title":"Plan du site - AMD - Activ Medical Disposable","og_description":"[vc_row type=\u00bbin_container\u00bb full_screen_row_position=\u00bbmiddle\u00bb scene_position=\u00bbcenter\u00bb text_color=\u00bbdark\u00bb text_align=\u00bbleft\u00bb top_padding=\u00bb40&#8243; bottom_padding=\u00bb40&#8243; overlay_strength=\u00bb0.3&#8243; shape_divider_position=\u00bbbottom\u00bb shape_type=\u00bb\u00bb][vc_column column_padding=\u00bbpadding-15-percent\u00bb column_padding_position=\u00bbleft-right\u00bb background_color_opacity=\u00bb1&#8243; background_hover_color_opacity=\u00bb1&#8243; column_shadow=\u00bbnone\u00bb column_border_radius=\u00bbnone\u00bb width=\u00bb1\/1&#8243; tablet_text_alignment=\u00bbdefault\u00bb phone_text_alignment=\u00bbdefault\u00bb column_border_width=\u00bbnone\u00bb column_border_style=\u00bbsolid\u00bb][vc_column_text] Plan du site [\/vc_column_text][\/vc_column][\/vc_row]","og_url":"https:\/\/amd-incontinence.com\/espanol\/plan-du-site\/","og_site_name":"AMD - Activ Medical Disposable","article_modified_time":"2018-03-30T11:46:24+00:00","twitter_card":"summary_large_image","schema":{"@context":"https:\/\/schema.org","@graph":[{"@type":"WebPage","@id":"https:\/\/amd-incontinence.com\/espanol\/plan-du-site\/","url":"https:\/\/amd-incontinence.com\/espanol\/plan-du-site\/","name":"Plan du site - AMD - Activ Medical Disposable","isPartOf":{"@id":"https:\/\/amd-incontinence.com\/espanol\/#website"},"datePublished":"2018-03-30T09:03:24+00:00","dateModified":"2018-03-30T11:46:24+00:00","breadcrumb":{"@id":"https:\/\/amd-incontinence.com\/espanol\/plan-du-site\/#breadcrumb"},"inLanguage":"es","potentialAction":[{"@type":"ReadAction","target":["https:\/\/amd-incontinence.com\/espanol\/plan-du-site\/"]}]},{"@type":"BreadcrumbList","@id":"https:\/\/amd-incontinence.com\/espanol\/plan-du-site\/#breadcrumb","itemListElement":[{"@type":"ListItem","position":1,"name":"Accueil","item":"https:\/\/amd-incontinence.com\/espanol\/"},{"@type":"ListItem","position":2,"name":"Plan du site"}]},{"@type":"WebSite","@id":"https:\/\/amd-incontinence.com\/espanol\/#website","url":"https:\/\/amd-incontinence.com\/espanol\/","name":"AMD - Activ Medical Disposable","description":"","potentialAction":[{"@type":"SearchAction","target":{"@type":"EntryPoint","urlTemplate":"https:\/\/amd-incontinence.com\/espanol\/?s={search_term_string}"},"query-input":{"@type":"PropertyValueSpecification","valueRequired":true,"valueName":"search_term_string"}}],"inLanguage":"es"}]}},"_links":{"self":[{"href":"https:\/\/amd-incontinence.com\/espanol\/wp-json\/wp\/v2\/pages\/913","targetHints":{"allow":["GET"]}}],"collection":[{"href":"https:\/\/amd-incontinence.com\/espanol\/wp-json\/wp\/v2\/pages"}],"about":[{"href":"https:\/\/amd-incontinence.com\/espanol\/wp-json\/wp\/v2\/types\/page"}],"author":[{"embeddable":true,"href":"https:\/\/amd-incontinence.com\/espanol\/wp-json\/wp\/v2\/users\/1"}],"replies":[{"embeddable":true,"href":"https:\/\/amd-incontinence.com\/espanol\/wp-json\/wp\/v2\/comments?post=913"}],"version-history":[{"count":5,"href":"https:\/\/amd-incontinence.com\/espanol\/wp-json\/wp\/v2\/pages\/913\/revisions"}],"predecessor-version":[{"id":924,"href":"https:\/\/amd-incontinence.com\/espanol\/wp-json\/wp\/v2\/pages\/913\/revisions\/924"}],"wp:attachment":[{"href":"https:\/\/amd-incontinence.com\/espanol\/wp-json\/wp\/v2\/media?parent=913"}],"curies":[{"name":"wp","href":"https:\/\/api.w.org\/{rel}","templated":true}]}}