{"id":131,"date":"2017-10-23T14:16:47","date_gmt":"2017-10-23T12:16:47","guid":{"rendered":"http:\/\/amd-incontinence.com\/espanol\/?post_type=product&#038;p=131"},"modified":"2023-02-02T10:37:32","modified_gmt":"2023-02-02T09:37:32","slug":"amd-form","status":"publish","type":"product","link":"https:\/\/amd-incontinence.com\/espanol\/productos\/amd-form\/","title":{"rendered":"amd Form"},"content":{"rendered":"[vc_row type=\u00bbfull_width_content\u00bb full_screen_row_position=\u00bbmiddle\u00bb column_margin=\u00bbdefault\u00bb column_direction=\u00bbdefault\u00bb column_direction_tablet=\u00bbdefault\u00bb column_direction_phone=\u00bbdefault\u00bb scene_position=\u00bbcenter\u00bb text_color=\u00bbdark\u00bb text_align=\u00bbleft\u00bb row_border_radius=\u00bbnone\u00bb row_border_radius_applies=\u00bbbg\u00bb overflow=\u00bbvisible\u00bb overlay_strength=\u00bb0.3&#8243; gradient_direction=\u00bbleft_to_right\u00bb shape_divider_position=\u00bbbottom\u00bb bg_image_animation=\u00bbnone\u00bb][vc_column column_padding=\u00bbno-extra-padding\u00bb column_padding_tablet=\u00bbinherit\u00bb column_padding_phone=\u00bbinherit\u00bb column_padding_position=\u00bball\u00bb column_element_direction_desktop=\u00bbdefault\u00bb column_element_spacing=\u00bbdefault\u00bb desktop_text_alignment=\u00bbdefault\u00bb tablet_text_alignment=\u00bbdefault\u00bb phone_text_alignment=\u00bbdefault\u00bb background_color_opacity=\u00bb1&#8243; background_hover_color_opacity=\u00bb1&#8243; column_backdrop_filter=\u00bbnone\u00bb column_shadow=\u00bbnone\u00bb column_border_radius=\u00bbnone\u00bb column_link_target=\u00bb_self\u00bb column_position=\u00bbdefault\u00bb gradient_direction=\u00bbleft_to_right\u00bb overlay_strength=\u00bb0.3&#8243; width=\u00bb1\/1&#8243; tablet_width_inherit=\u00bbdefault\u00bb animation_type=\u00bbdefault\u00bb bg_image_animation=\u00bbnone\u00bb border_type=\u00bbsimple\u00bb column_border_width=\u00bbnone\u00bb column_border_style=\u00bbsolid\u00bb][vc_column_text]El absorbente amd Form es ideal para las p\u00e9rdidas de orina de moderadas a muy graves. Esta gama est\u00e1 disponible en 7 absorciones. Confortable, se adapta perfectamente a la anatom\u00eda masculina y femenina sin cubrir excesivamente la superficie y permite de esta manera que la piel respire. Gracias a sus barreras antifugas integrales, amd form ofrece una seguridad \u00f3ptima tambi\u00e9n a las personas con movilidad media o reducida. Para un perfecto ajuste, se aconseja usar este producto con una malla slip de sujeci\u00f3n amd fix o amd Cotton Fix.<\/p>\n<ul>\n<li>Difusi\u00f3n r\u00e1pida sin retorno de humedad<\/li>\n<li>Capa externa suave, sensaci\u00f3n textil<\/li>\n<li>Indicador de humedad fiable y preciso<\/li>\n<\/ul>\n[\/vc_column_text][tabbed_section style=\u00bbdefault\u00bb tab_change_animation=\u00bbfade\u00bb alignment=\u00bbleft\u00bb spacing=\u00bbdefault\u00bb tab_color=\u00bbAccent-Color\u00bb vs_content_animation=\u00bbfade\u00bb vs_link_animation=\u00bbopacity\u00bb vs_navigation_alignment=\u00bbleft\u00bb vs_navigation_width_2=\u00bb25%\u00bb vs_navigation_func=\u00bbdefault\u00bb vs_navigation_width=\u00bbregular\u00bb vs_navigation_spacing=\u00bb15px\u00bb vs_navigation_mobile_display=\u00bbvisible\u00bb vs_tab_spacing=\u00bb5%\u00bb][tab icon_family=\u00bbnone\u00bb title=\u00bbLa gama\u00bb id=\u00bb1675330597495-3&#8243; tab_id=\u00bb1675330597495-8&#8243;][vc_column_text]\n<table class=\"tab-gamme\">\n<tbody>\n<tr>\n<td>light<\/td>\n<td><img loading=\"lazy\" decoding=\"async\" class=\"alignnone size-full wp-image-236\" src=\"http:\/\/amd-incontinence.com\/wp-content\/uploads\/sites\/4\/2017\/10\/ico-absorb-half.png\" alt=\"\" width=\"18\" height=\"23\" \/><img loading=\"lazy\" decoding=\"async\" class=\"alignnone size-full wp-image-160\" src=\"http:\/\/amd-incontinence.com\/wp-content\/uploads\/sites\/4\/2017\/10\/ico-absorb-vide.png\" alt=\"\" width=\"18\" height=\"23\" \/><img loading=\"lazy\" decoding=\"async\" class=\"alignnone size-full wp-image-160\" src=\"http:\/\/amd-incontinence.com\/wp-content\/uploads\/sites\/4\/2017\/10\/ico-absorb-vide.png\" alt=\"\" width=\"18\" height=\"23\" \/><img loading=\"lazy\" decoding=\"async\" class=\"alignnone size-full wp-image-160\" src=\"http:\/\/amd-incontinence.com\/wp-content\/uploads\/sites\/4\/2017\/10\/ico-absorb-vide.png\" alt=\"\" width=\"18\" height=\"23\" \/><img loading=\"lazy\" decoding=\"async\" class=\"alignnone size-full wp-image-160\" src=\"http:\/\/amd-incontinence.com\/wp-content\/uploads\/sites\/4\/2017\/10\/ico-absorb-vide.png\" alt=\"\" width=\"18\" height=\"23\" \/><\/td>\n<td><b class=\"cercle blanc\"><\/b><\/td>\n<\/tr>\n<tr>\n<td>mini<\/td>\n<td><img loading=\"lazy\" decoding=\"async\" class=\"alignnone size-full wp-image-160\" src=\"http:\/\/amd-incontinence.com\/wp-content\/uploads\/sites\/4\/2017\/10\/ico-absorb.png\" alt=\"\" width=\"18\" height=\"23\" \/><img loading=\"lazy\" decoding=\"async\" class=\"alignnone size-full wp-image-160\" src=\"http:\/\/amd-incontinence.com\/wp-content\/uploads\/sites\/4\/2017\/10\/ico-absorb-vide.png\" alt=\"\" width=\"18\" height=\"23\" \/><img loading=\"lazy\" decoding=\"async\" class=\"alignnone size-full wp-image-160\" src=\"http:\/\/amd-incontinence.com\/wp-content\/uploads\/sites\/4\/2017\/10\/ico-absorb-vide.png\" alt=\"\" width=\"18\" height=\"23\" \/><img loading=\"lazy\" decoding=\"async\" class=\"alignnone size-full wp-image-160\" src=\"http:\/\/amd-incontinence.com\/wp-content\/uploads\/sites\/4\/2017\/10\/ico-absorb-vide.png\" alt=\"\" width=\"18\" height=\"23\" \/><img loading=\"lazy\" decoding=\"async\" class=\"alignnone size-full wp-image-160\" src=\"http:\/\/amd-incontinence.com\/wp-content\/uploads\/sites\/4\/2017\/10\/ico-absorb-vide.png\" alt=\"\" width=\"18\" height=\"23\" \/><\/td>\n<td><b class=\"cercle grisclair\"><\/b><\/td>\n<\/tr>\n<tr>\n<td>normal<\/td>\n<td><img loading=\"lazy\" decoding=\"async\" class=\"alignnone size-full wp-image-160\" src=\"http:\/\/amd-incontinence.com\/wp-content\/uploads\/sites\/4\/2017\/10\/ico-absorb.png\" alt=\"\" width=\"18\" height=\"23\" \/><img loading=\"lazy\" decoding=\"async\" class=\"alignnone size-full wp-image-160\" src=\"http:\/\/amd-incontinence.com\/wp-content\/uploads\/sites\/4\/2017\/10\/ico-absorb.png\" alt=\"\" width=\"18\" height=\"23\" \/><img loading=\"lazy\" decoding=\"async\" class=\"alignnone size-full wp-image-160\" src=\"http:\/\/amd-incontinence.com\/wp-content\/uploads\/sites\/4\/2017\/10\/ico-absorb-vide.png\" alt=\"\" width=\"18\" height=\"23\" \/><img loading=\"lazy\" decoding=\"async\" class=\"alignnone size-full wp-image-160\" src=\"http:\/\/amd-incontinence.com\/wp-content\/uploads\/sites\/4\/2017\/10\/ico-absorb-vide.png\" alt=\"\" width=\"18\" height=\"23\" \/><img loading=\"lazy\" decoding=\"async\" class=\"alignnone size-full wp-image-160\" src=\"http:\/\/amd-incontinence.com\/wp-content\/uploads\/sites\/4\/2017\/10\/ico-absorb-vide.png\" alt=\"\" width=\"18\" height=\"23\" \/><\/td>\n<td><b class=\"cercle bleu\">.<\/b><\/td>\n<\/tr>\n<tr>\n<td>extra<\/td>\n<td><img loading=\"lazy\" decoding=\"async\" class=\"alignnone size-full wp-image-160\" src=\"http:\/\/amd-incontinence.com\/wp-content\/uploads\/sites\/4\/2017\/10\/ico-absorb.png\" alt=\"\" width=\"18\" height=\"23\" \/><img loading=\"lazy\" decoding=\"async\" class=\"alignnone size-full wp-image-160\" src=\"http:\/\/amd-incontinence.com\/wp-content\/uploads\/sites\/4\/2017\/10\/ico-absorb.png\" alt=\"\" width=\"18\" height=\"23\" \/><img loading=\"lazy\" decoding=\"async\" class=\"alignnone size-full wp-image-160\" src=\"http:\/\/amd-incontinence.com\/wp-content\/uploads\/sites\/4\/2017\/10\/ico-absorb.png\" alt=\"\" width=\"18\" height=\"23\" \/><img loading=\"lazy\" decoding=\"async\" class=\"alignnone size-full wp-image-160\" src=\"http:\/\/amd-incontinence.com\/wp-content\/uploads\/sites\/4\/2017\/10\/ico-absorb-vide.png\" alt=\"\" width=\"18\" height=\"23\" \/><img loading=\"lazy\" decoding=\"async\" class=\"alignnone size-full wp-image-160\" src=\"http:\/\/amd-incontinence.com\/wp-content\/uploads\/sites\/4\/2017\/10\/ico-absorb-vide.png\" alt=\"\" width=\"18\" height=\"23\" \/><\/td>\n<td><b class=\"cercle jaune\">.<\/b><\/td>\n<\/tr>\n<tr>\n<td>super<\/td>\n<td><img loading=\"lazy\" decoding=\"async\" class=\"alignnone size-full wp-image-160\" src=\"http:\/\/amd-incontinence.com\/wp-content\/uploads\/sites\/4\/2017\/10\/ico-absorb.png\" alt=\"\" width=\"18\" height=\"23\" \/><img loading=\"lazy\" decoding=\"async\" class=\"alignnone size-full wp-image-160\" src=\"http:\/\/amd-incontinence.com\/wp-content\/uploads\/sites\/4\/2017\/10\/ico-absorb.png\" alt=\"\" width=\"18\" height=\"23\" \/><img loading=\"lazy\" decoding=\"async\" class=\"alignnone size-full wp-image-160\" src=\"http:\/\/amd-incontinence.com\/wp-content\/uploads\/sites\/4\/2017\/10\/ico-absorb.png\" alt=\"\" width=\"18\" height=\"23\" \/><img loading=\"lazy\" decoding=\"async\" class=\"alignnone size-full wp-image-160\" src=\"http:\/\/amd-incontinence.com\/wp-content\/uploads\/sites\/4\/2017\/10\/ico-absorb.png\" alt=\"\" width=\"18\" height=\"23\" \/><img loading=\"lazy\" decoding=\"async\" class=\"alignnone size-full wp-image-160\" src=\"http:\/\/amd-incontinence.com\/wp-content\/uploads\/sites\/4\/2017\/10\/ico-absorb-vide.png\" alt=\"\" width=\"18\" height=\"23\" \/><\/td>\n<td><b class=\"cercle vert\">.<\/b><\/td>\n<\/tr>\n<tr>\n<td>maxi<\/td>\n<td><img loading=\"lazy\" decoding=\"async\" class=\"alignnone size-full wp-image-160\" src=\"http:\/\/amd-incontinence.com\/wp-content\/uploads\/sites\/4\/2017\/10\/ico-absorb.png\" alt=\"\" width=\"18\" height=\"23\" \/><img loading=\"lazy\" decoding=\"async\" class=\"alignnone size-full wp-image-160\" src=\"http:\/\/amd-incontinence.com\/wp-content\/uploads\/sites\/4\/2017\/10\/ico-absorb.png\" alt=\"\" width=\"18\" height=\"23\" \/><img loading=\"lazy\" decoding=\"async\" class=\"alignnone size-full wp-image-160\" src=\"http:\/\/amd-incontinence.com\/wp-content\/uploads\/sites\/4\/2017\/10\/ico-absorb.png\" alt=\"\" width=\"18\" height=\"23\" \/><img loading=\"lazy\" decoding=\"async\" class=\"alignnone size-full wp-image-160\" src=\"http:\/\/amd-incontinence.com\/wp-content\/uploads\/sites\/4\/2017\/10\/ico-absorb.png\" alt=\"\" width=\"18\" height=\"23\" \/><img loading=\"lazy\" decoding=\"async\" class=\"alignnone size-full wp-image-160\" src=\"http:\/\/amd-incontinence.com\/wp-content\/uploads\/sites\/4\/2017\/10\/ico-absorb.png\" alt=\"\" width=\"18\" height=\"23\" \/><\/td>\n<td><b class=\"cercle violet\">.<\/b><\/td>\n<\/tr>\n<tr>\n<td>maxi +<\/td>\n<td><img loading=\"lazy\" decoding=\"async\" class=\"alignnone size-full wp-image-160\" src=\"http:\/\/amd-incontinence.com\/wp-content\/uploads\/sites\/4\/2017\/10\/ico-absorb.png\" alt=\"\" width=\"18\" height=\"23\" \/><img loading=\"lazy\" decoding=\"async\" class=\"alignnone size-full wp-image-160\" src=\"http:\/\/amd-incontinence.com\/wp-content\/uploads\/sites\/4\/2017\/10\/ico-absorb.png\" alt=\"\" width=\"18\" height=\"23\" \/><img loading=\"lazy\" decoding=\"async\" class=\"alignnone size-full wp-image-160\" src=\"http:\/\/amd-incontinence.com\/wp-content\/uploads\/sites\/4\/2017\/10\/ico-absorb.png\" alt=\"\" width=\"18\" height=\"23\" \/><img loading=\"lazy\" decoding=\"async\" class=\"alignnone size-full wp-image-160\" src=\"http:\/\/amd-incontinence.com\/wp-content\/uploads\/sites\/4\/2017\/10\/ico-absorb.png\" alt=\"\" width=\"18\" height=\"23\" \/><img loading=\"lazy\" decoding=\"async\" class=\"alignnone size-full wp-image-160\" src=\"http:\/\/amd-incontinence.com\/wp-content\/uploads\/sites\/4\/2017\/10\/ico-absorb.png\" alt=\"\" width=\"18\" height=\"23\" \/>+<\/td>\n<td><b class=\"cercle gris\">.<\/b><\/td>\n<\/tr>\n<\/tbody>\n<\/table>\n[\/vc_column_text][\/tab][tab icon_family=\u00bbnone\u00bb title=\u00bbTecnolog\u00eda +\u00bb id=\u00bb1675330597522-7&#8243; tab_id=\u00bb1675330597523-5&#8243;][vc_column_text]\n<div class=\"undemi\">\n<table class=\"tab-techno\">\n<tbody>\n<tr>\n<td><img loading=\"lazy\" decoding=\"async\" class=\"alignnone\" src=\"http:\/\/amd-incontinence.com\/wp-content\/uploads\/sites\/4\/2017\/11\/picto-anatomic-fit-100x100.png\" alt=\"Forma anat\u00f3mica\" width=\"58\" height=\"58\" \/><\/td>\n<td>FORMA ANATOMICA<br \/>\nSe adapta a la anatom\u00eda. Asegura el confort y la libertad de movimientos.<\/td>\n<\/tr>\n<tr>\n<td><img loading=\"lazy\" decoding=\"async\" class=\"alignnone\" src=\"http:\/\/amd-incontinence.com\/wp-content\/uploads\/sites\/4\/2017\/11\/picto-new-core-concept-100x100.png\" alt=\"Nuevo concepto del n\u00facleo\" width=\"58\" height=\"58\" \/><\/td>\n<td>NUEVO CONCEPTO DE NUCLEO<br \/>\nNueva tecnolog\u00eda: zona de absorci\u00f3n \u00f3ptima asegurada. Difusi\u00f3n r\u00e1pida y total de los l\u00edquidos hacia el n\u00facleo principal. Rendimiento garantizado: siempre seco.<\/td>\n<\/tr>\n<tr>\n<td><img loading=\"lazy\" decoding=\"async\" class=\"alignnone\" src=\"http:\/\/amd-incontinence.com\/wp-content\/uploads\/sites\/4\/2017\/11\/picto-leakage-barrier-100x100.png\" alt=\"Barreras antifugas\" width=\"58\" height=\"58\" \/><\/td>\n<td>BARRERAS ANTIFUGAS<br \/>\nIntegrales hidr\u00f3fobas. Garantizan una seguridad \u00f3ptima.<\/td>\n<\/tr>\n<tr>\n<td><img loading=\"lazy\" decoding=\"async\" class=\"alignnone\" src=\"http:\/\/amd-incontinence.com\/wp-content\/uploads\/sites\/4\/2017\/11\/picto-odour-free-100x100.png\" alt=\" Anti olor\" width=\"58\" height=\"58\" \/><\/td>\n<td>ODOUR FREE<br \/>\nSistema de rendimiento anti-olor.<br \/>\nEvita la difusi\u00f3n de olores y mantiene el pH neutro de la piel.<\/td>\n<\/tr>\n<\/tbody>\n<\/table>\n<\/div>\n<div class=\"undemi\">\n<table class=\"tab-techno\">\n<tbody>\n<tr>\n<td><img loading=\"lazy\" decoding=\"async\" class=\"alignnone\" src=\"http:\/\/amd-incontinence.com\/wp-content\/uploads\/sites\/4\/2017\/11\/picto-cotton-feel-100x100.png\" alt=\"Cotton feel\" width=\"58\" height=\"58\" \/><\/td>\n<td>TACTO DE ALGODON<br \/>\nCapa exterior de tejido no tejido ultra suave. Verdadera sensaci\u00f3n textil. Protecci\u00f3n ligera y silenciosa.<\/td>\n<\/tr>\n<tr>\n<td><img loading=\"lazy\" decoding=\"async\" class=\"alignnone\" src=\"http:\/\/amd-incontinence.com\/wp-content\/uploads\/sites\/4\/2017\/11\/picto-softness-100x100.png\" alt=\"Suavidad\" width=\"58\" height=\"58\" \/><\/td>\n<td>SUAVIDAD<br \/>\nCapa interna suave e hipoalerg\u00e9nica para una protecci\u00f3n m\u00e1xima de la piel.<\/td>\n<\/tr>\n<tr>\n<td><img loading=\"lazy\" decoding=\"async\" class=\"alignnone\" src=\"http:\/\/amd-incontinence.com\/wp-content\/uploads\/sites\/4\/2017\/10\/picto-dermatologique-100x100.png\" alt=\"Testado dermatol\u00f3gicamente\" width=\"58\" height=\"58\" \/><\/td>\n<td>TESTADO DERMATOLOGICAMENTE<br \/>\nTodos nuestros absorbentes est\u00e1n testados dermatol\u00f3gicamente lo que garantiza el m\u00e1ximo bienestar.<\/td>\n<\/tr>\n<\/tbody>\n<\/table>\n<\/div>\n[\/vc_column_text][\/tab][tab icon_family=\u00bbnone\u00bb title=\u00bbUtilizaci\u00f3n\u00bb id=\u00bb1675330597540-8&#8243; tab_id=\u00bb1675330597540-8&#8243;][vc_column_text]\n<div class=\"techpos col span_12\">\n<div class=\"row\">\n<div class=\"col span_1\"><b class=\"cerclenum\">1<\/b><\/div>\n<div class=\"col span_5\">Abrir el absorbente amd Form y doblarlo longitudinalmente. La forma de cuenco se adquiere de manera natural, las barreras anti fugas se abren, el producto toma su forma anat\u00f3mica.<\/div>\n<div class=\"col span_6\"><img loading=\"lazy\" decoding=\"async\" src=\"http:\/\/amd-incontinence.com\/wp-content\/uploads\/sites\/4\/2017\/10\/ouvrir-protection-amd-form.png\" alt=\"Abrir el absorbente amd Form\" width=\"90\" height=\"90\" class=\"aligncenter size-full wp-image-250\" \/><\/div>\n<\/div>\n<div class=\"row\">\n<div class=\"col span_1\"><b class=\"cerclenum\">2<\/b><\/div>\n<div class=\"col span_5\">Deslizar el absorbente entre las piernas de delante hacia atr\u00e1s.<\/div>\n<div class=\"col span_6\"><img loading=\"lazy\" decoding=\"async\" src=\"https:\/\/amd-incontinence.com\/espanol\/wp-content\/uploads\/sites\/4\/2018\/05\/uso-1-amd-form.png\" alt=\"Deslizar el absorbente entre las piernas\" width=\"220\" height=\"110\" class=\"alignnone size-full wp-image-249\" \/><\/div>\n<\/div>\n<div class=\"row\">\n<div class=\"col span_1\"><b class=\"cerclenum\">3<\/b><\/div>\n<div class=\"col span_5\">Colocar la malla a la mitad de las piernas. Ajustar el absorbente por la parte delantera y revisar tambi\u00e9n la entrepierna.<\/div>\n<div class=\"col span_6\"><img loading=\"lazy\" decoding=\"async\" src=\"http:\/\/amd-incontinence.com\/wp-content\/uploads\/sites\/4\/2018\/05\/uso-2-amd-form.png\" alt=\"Colocar la malla a la mitad de las piernas\" width=\"220\" height=\"110\" class=\"alignnone size-full wp-image-252\" \/><\/div>\n<\/div>\n<div class=\"row\">\n<div class=\"col span_1\"><b class=\"cerclenum\">4<\/b><\/div>\n<div class=\"col span_5\">Subir la malla y ajustarla en la entrepierna<\/div>\n<div class=\"col span_6\"><img loading=\"lazy\" decoding=\"async\" src=\"http:\/\/amd-incontinence.com\/wp-content\/uploads\/sites\/4\/2018\/05\/uso-3-amd-form.png\" alt=\"Subir la malla y ajustarla en la entrepierna\" width=\"220\" height=\"110\" class=\"alignnone size-full wp-image-247\" \/><\/div>\n<\/div>\n<\/div>\n[\/vc_column_text][\/tab][\/tabbed_section][\/vc_column][\/vc_row]\n","protected":false},"excerpt":{"rendered":"<p>Absorbente anat\u00f3mico<br \/>\nPermite que la piel respire.<br \/>\nSe ajusta con una malla el\u00e1stica de sujeci\u00f3n, <span>para las p\u00e9rdidas urinarias de moderadas a graves<\/span>.<\/p>\n","protected":false},"featured_media":153,"template":"","meta":[],"product_brand":[],"product_cat":[33],"product_tag":[],"class_list":{"0":"post-131","1":"product","2":"type-product","3":"status-publish","4":"has-post-thumbnail","6":"product_cat-los-productos-amd","8":"first","9":"instock","10":"shipping-taxable","11":"product-type-simple"},"yoast_head":"<!-- This site is optimized with the Yoast SEO plugin v27.3 - https:\/\/yoast.com\/product\/yoast-seo-wordpress\/ -->\n<title>amd Form - AMD - Activ Medical Disposable<\/title>\n<meta name=\"robots\" content=\"index, follow, max-snippet:-1, max-image-preview:large, max-video-preview:-1\" \/>\n<link rel=\"canonical\" href=\"https:\/\/amd-incontinence.com\/espanol\/productos\/amd-form\/\" \/>\n<meta property=\"og:locale\" content=\"es_ES\" \/>\n<meta property=\"og:type\" content=\"article\" \/>\n<meta property=\"og:title\" content=\"amd Form - AMD - Activ Medical Disposable\" \/>\n<meta property=\"og:description\" content=\"Absorbente anat\u00f3mico Permite que la piel respire. Se ajusta con una malla el\u00e1stica de sujeci\u00f3n, para las p\u00e9rdidas urinarias de moderadas a graves.\" \/>\n<meta property=\"og:url\" content=\"https:\/\/amd-incontinence.com\/espanol\/productos\/amd-form\/\" \/>\n<meta property=\"og:site_name\" content=\"AMD - Activ Medical Disposable\" \/>\n<meta property=\"article:modified_time\" content=\"2023-02-02T09:37:32+00:00\" \/>\n<meta property=\"og:image\" content=\"https:\/\/amd-incontinence.com\/espanol\/wp-content\/uploads\/sites\/4\/2017\/10\/amd-form.jpg\" \/>\n\t<meta property=\"og:image:width\" content=\"678\" \/>\n\t<meta property=\"og:image:height\" content=\"678\" \/>\n\t<meta property=\"og:image:type\" content=\"image\/jpeg\" \/>\n<meta name=\"twitter:card\" content=\"summary_large_image\" \/>\n<meta name=\"twitter:label1\" content=\"Tiempo de lectura\" \/>\n\t<meta name=\"twitter:data1\" content=\"11 minutos\" \/>\n<script type=\"application\/ld+json\" class=\"yoast-schema-graph\">{\"@context\":\"https:\\\/\\\/schema.org\",\"@graph\":[{\"@type\":\"WebPage\",\"@id\":\"https:\\\/\\\/amd-incontinence.com\\\/espanol\\\/productos\\\/amd-form\\\/\",\"url\":\"https:\\\/\\\/amd-incontinence.com\\\/espanol\\\/productos\\\/amd-form\\\/\",\"name\":\"amd Form - AMD - Activ Medical Disposable\",\"isPartOf\":{\"@id\":\"https:\\\/\\\/amd-incontinence.com\\\/espanol\\\/#website\"},\"primaryImageOfPage\":{\"@id\":\"https:\\\/\\\/amd-incontinence.com\\\/espanol\\\/productos\\\/amd-form\\\/#primaryimage\"},\"image\":{\"@id\":\"https:\\\/\\\/amd-incontinence.com\\\/espanol\\\/productos\\\/amd-form\\\/#primaryimage\"},\"thumbnailUrl\":\"https:\\\/\\\/amd-incontinence.com\\\/espanol\\\/wp-content\\\/uploads\\\/sites\\\/4\\\/2017\\\/10\\\/amd-form.jpg\",\"datePublished\":\"2017-10-23T12:16:47+00:00\",\"dateModified\":\"2023-02-02T09:37:32+00:00\",\"breadcrumb\":{\"@id\":\"https:\\\/\\\/amd-incontinence.com\\\/espanol\\\/productos\\\/amd-form\\\/#breadcrumb\"},\"inLanguage\":\"es\",\"potentialAction\":[{\"@type\":\"ReadAction\",\"target\":[\"https:\\\/\\\/amd-incontinence.com\\\/espanol\\\/productos\\\/amd-form\\\/\"]}]},{\"@type\":\"ImageObject\",\"inLanguage\":\"es\",\"@id\":\"https:\\\/\\\/amd-incontinence.com\\\/espanol\\\/productos\\\/amd-form\\\/#primaryimage\",\"url\":\"https:\\\/\\\/amd-incontinence.com\\\/espanol\\\/wp-content\\\/uploads\\\/sites\\\/4\\\/2017\\\/10\\\/amd-form.jpg\",\"contentUrl\":\"https:\\\/\\\/amd-incontinence.com\\\/espanol\\\/wp-content\\\/uploads\\\/sites\\\/4\\\/2017\\\/10\\\/amd-form.jpg\",\"width\":678,\"height\":678,\"caption\":\"amd Form\"},{\"@type\":\"BreadcrumbList\",\"@id\":\"https:\\\/\\\/amd-incontinence.com\\\/espanol\\\/productos\\\/amd-form\\\/#breadcrumb\",\"itemListElement\":[{\"@type\":\"ListItem\",\"position\":1,\"name\":\"Accueil\",\"item\":\"https:\\\/\\\/amd-incontinence.com\\\/espanol\\\/\"},{\"@type\":\"ListItem\",\"position\":2,\"name\":\"Productos\",\"item\":\"https:\\\/\\\/amd-incontinence.com\\\/espanol\\\/shop\\\/\"},{\"@type\":\"ListItem\",\"position\":3,\"name\":\"amd Form\"}]},{\"@type\":\"WebSite\",\"@id\":\"https:\\\/\\\/amd-incontinence.com\\\/espanol\\\/#website\",\"url\":\"https:\\\/\\\/amd-incontinence.com\\\/espanol\\\/\",\"name\":\"AMD - Activ Medical Disposable\",\"description\":\"\",\"potentialAction\":[{\"@type\":\"SearchAction\",\"target\":{\"@type\":\"EntryPoint\",\"urlTemplate\":\"https:\\\/\\\/amd-incontinence.com\\\/espanol\\\/?s={search_term_string}\"},\"query-input\":{\"@type\":\"PropertyValueSpecification\",\"valueRequired\":true,\"valueName\":\"search_term_string\"}}],\"inLanguage\":\"es\"}]}<\/script>\n<!-- \/ Yoast SEO plugin. -->","yoast_head_json":{"title":"amd Form - AMD - Activ Medical Disposable","robots":{"index":"index","follow":"follow","max-snippet":"max-snippet:-1","max-image-preview":"max-image-preview:large","max-video-preview":"max-video-preview:-1"},"canonical":"https:\/\/amd-incontinence.com\/espanol\/productos\/amd-form\/","og_locale":"es_ES","og_type":"article","og_title":"amd Form - AMD - Activ Medical Disposable","og_description":"Absorbente anat\u00f3mico Permite que la piel respire. Se ajusta con una malla el\u00e1stica de sujeci\u00f3n, para las p\u00e9rdidas urinarias de moderadas a graves.","og_url":"https:\/\/amd-incontinence.com\/espanol\/productos\/amd-form\/","og_site_name":"AMD - Activ Medical Disposable","article_modified_time":"2023-02-02T09:37:32+00:00","og_image":[{"width":678,"height":678,"url":"https:\/\/amd-incontinence.com\/espanol\/wp-content\/uploads\/sites\/4\/2017\/10\/amd-form.jpg","type":"image\/jpeg"}],"twitter_card":"summary_large_image","twitter_misc":{"Tiempo de lectura":"11 minutos"},"schema":{"@context":"https:\/\/schema.org","@graph":[{"@type":"WebPage","@id":"https:\/\/amd-incontinence.com\/espanol\/productos\/amd-form\/","url":"https:\/\/amd-incontinence.com\/espanol\/productos\/amd-form\/","name":"amd Form - AMD - Activ Medical Disposable","isPartOf":{"@id":"https:\/\/amd-incontinence.com\/espanol\/#website"},"primaryImageOfPage":{"@id":"https:\/\/amd-incontinence.com\/espanol\/productos\/amd-form\/#primaryimage"},"image":{"@id":"https:\/\/amd-incontinence.com\/espanol\/productos\/amd-form\/#primaryimage"},"thumbnailUrl":"https:\/\/amd-incontinence.com\/espanol\/wp-content\/uploads\/sites\/4\/2017\/10\/amd-form.jpg","datePublished":"2017-10-23T12:16:47+00:00","dateModified":"2023-02-02T09:37:32+00:00","breadcrumb":{"@id":"https:\/\/amd-incontinence.com\/espanol\/productos\/amd-form\/#breadcrumb"},"inLanguage":"es","potentialAction":[{"@type":"ReadAction","target":["https:\/\/amd-incontinence.com\/espanol\/productos\/amd-form\/"]}]},{"@type":"ImageObject","inLanguage":"es","@id":"https:\/\/amd-incontinence.com\/espanol\/productos\/amd-form\/#primaryimage","url":"https:\/\/amd-incontinence.com\/espanol\/wp-content\/uploads\/sites\/4\/2017\/10\/amd-form.jpg","contentUrl":"https:\/\/amd-incontinence.com\/espanol\/wp-content\/uploads\/sites\/4\/2017\/10\/amd-form.jpg","width":678,"height":678,"caption":"amd Form"},{"@type":"BreadcrumbList","@id":"https:\/\/amd-incontinence.com\/espanol\/productos\/amd-form\/#breadcrumb","itemListElement":[{"@type":"ListItem","position":1,"name":"Accueil","item":"https:\/\/amd-incontinence.com\/espanol\/"},{"@type":"ListItem","position":2,"name":"Productos","item":"https:\/\/amd-incontinence.com\/espanol\/shop\/"},{"@type":"ListItem","position":3,"name":"amd Form"}]},{"@type":"WebSite","@id":"https:\/\/amd-incontinence.com\/espanol\/#website","url":"https:\/\/amd-incontinence.com\/espanol\/","name":"AMD - Activ Medical Disposable","description":"","potentialAction":[{"@type":"SearchAction","target":{"@type":"EntryPoint","urlTemplate":"https:\/\/amd-incontinence.com\/espanol\/?s={search_term_string}"},"query-input":{"@type":"PropertyValueSpecification","valueRequired":true,"valueName":"search_term_string"}}],"inLanguage":"es"}]}},"_links":{"self":[{"href":"https:\/\/amd-incontinence.com\/espanol\/wp-json\/wp\/v2\/product\/131","targetHints":{"allow":["GET"]}}],"collection":[{"href":"https:\/\/amd-incontinence.com\/espanol\/wp-json\/wp\/v2\/product"}],"about":[{"href":"https:\/\/amd-incontinence.com\/espanol\/wp-json\/wp\/v2\/types\/product"}],"wp:featuredmedia":[{"embeddable":true,"href":"https:\/\/amd-incontinence.com\/espanol\/wp-json\/wp\/v2\/media\/153"}],"wp:attachment":[{"href":"https:\/\/amd-incontinence.com\/espanol\/wp-json\/wp\/v2\/media?parent=131"}],"wp:term":[{"taxonomy":"product_brand","embeddable":true,"href":"https:\/\/amd-incontinence.com\/espanol\/wp-json\/wp\/v2\/product_brand?post=131"},{"taxonomy":"product_cat","embeddable":true,"href":"https:\/\/amd-incontinence.com\/espanol\/wp-json\/wp\/v2\/product_cat?post=131"},{"taxonomy":"product_tag","embeddable":true,"href":"https:\/\/amd-incontinence.com\/espanol\/wp-json\/wp\/v2\/product_tag?post=131"}],"curies":[{"name":"wp","href":"https:\/\/api.w.org\/{rel}","templated":true}]}}